6?
8
Suppose 13 - 1 = -3*c. Let r = c - -5. What is the greatest common factor of 4 and r?
1
Suppose -4*c + 171 = 3*v, -2*v - 3*v + 47 = c. Calculate the highest common factor of c and 21.
21
Let n(x) = -2*x**3 - 5*x**2 + 3*x - 4. Let b be n(-4). Suppose -d + 2*k + 28 = 6*k, -d + 2*k = 2. Calculate the highest common factor of b and d.
8
Let h be 2/(-7) - (-2528)/28. Calculate the highest common factor of h and 36.
18
Let w = 3 + 27. Let l be (16/(-12))/((-2)/w). What is the greatest common factor of 20 and l?
20
Suppose -p - 16 = -64. Let w be (40/15)/(4/18). Calculate the highest common divisor of p and w.
12
Suppose 0 = -h - 2*h + 150. Let j = 13 - -7. What is the greatest common divisor of h and j?
10
Let b(l) = 2*l - 2. Let k be b(5). Suppose k + 2 = 2*a. Let z be a - 3 - 80/(-2). Calculate the highest common divisor of 63 and z.
21
Let k(t) = t - 4. Let o be k(7). Let j be (-66)/24*24/(-2). What is the highest common divisor of o and j?
3
Let l = 5 + -4. Let i be (-1)/l - (4 + -1). Let v(r) = -r**3 - 2*r**2 + 4*r - 3. Let k be v(i). Calculate the highest common factor of 39 and k.
13
Let b(a) = a**3 + 4*a**2 - 8*a + 11. Let j be b(-5). What is the highest common divisor of 26 and j?
26
Let o be -5 + 2 + (1 - 2). Let b(i) = -6*i - 2. Let s be b(o). Let m = 332 + -134. What is the highest common factor of s and m?
22
Let n be (-1 + -4)*(-96)/16. Let i = 141 + -66. Calculate the greatest common factor of i and n.
15
Let p(h) = 3*h**2 - 8*h - 2. Let a be p(4). Let q be (-21 - 0)*(-2 - 4). What is the highest common divisor of a and q?
14
Let x be 1*4*15/5. What is the greatest common factor of x and 108?
12
Let z(g) = 3*g - 8. Let l be z(7). Let t(a) = -a**3 + 6*a**2 - a - 2. Let h be t(4). What is the greatest common divisor of h and l?
13
Let y(j) = 7*j - 10. Let t be y(2). Suppose -2*u - 10 = -3*a + 30, -5*a - u = -84. What is the greatest common divisor of a and t?
4
Suppose -4*n = 176 - 608. Let u(b) be the first derivative of -5*b**2/2 + 2*b + 3. Let r be u(-2). Calculate the highest common divisor of r and n.
12
Let k be 1/5*-2*-15. Let y(n) = 2*n - 4*n + 3*n + 6. Let o be y(k). What is the highest common divisor of o and 108?
12
Suppose 0 = 2*z - 13 - 65. Calculate the highest common factor of z and 26.
13
Let z(t) = -14*t - 7. Let a be z(-5). Let y(l) = l**2 + 19*l + 41. Let x be y(-17). What is the greatest common divisor of x and a?
7
Suppose 5*k + 15 = 4*o, 3*o + 4 = 3*k - 2*o. Let z(m) = -m - 5. Let t be z(k). What is the highest common divisor of 16 and t?
2
Suppose 3*i = 153 + 123. Suppose j + 39 = r, -109 - i = -5*r - j. What is the highest common divisor of r and 8?
8
Suppose 0 = -4*r - 2*h + 86, 2*r + 3*h + 78 = 5*r. Suppose 3*c = 5*j + 14 + 18, r = 2*c - 5*j. Let o = 45 - c. Calculate the highest common factor of o and 18.
18
Suppose -4*l = 8*d - 5*d - 16, 0 = 3*d - 12. Let m be l - -299 - 9/3. What is the greatest common divisor of m and 27?
27
Suppose 2*v - 226 = t + 104, 0 = 4*v - t - 664. Suppose -4*l + v = -1113. Suppose j - l = -3*j. Calculate the highest common factor of 10 and j.
10
Let p(l) = 20*l. Let t(o) = 7*o. Let m(s) = -3*p(s) + 10*t(s). Let v be m(1). Calculate the highest common factor of v and 110.
10
Suppose 0*w = 3*w - 99. Let v = -22 + w. Let m be (1/1)/((-1)/(-33)). What is the greatest common divisor of m and v?
11
Let z(s) = -s**2 - 10*s - 15. Let n be z(-7). Calculate the greatest common divisor of 24 and n.
6
Let u(b) = b**3 - 3*b**2 - 3*b + 1. Let s be u(4). Let n be 352/24 + (-1)/(-3). What is the highest common divisor of s and n?
5
Let s(f) = f**3 - 5*f + 7. Let d be s(4). Suppose -5*r = q + 11, -2*r - d = -4*q - 3*r. What is the greatest common divisor of q and 14?
14
Suppose 3*b + 2 = 4*b. Let p = 4 - 10. Let d = b - p. What is the greatest common factor of 72 and d?
8
Let q = -18 - -33. Let t = 1 - -3. Suppose t*u = -u + q. What is the highest common factor of 27 and u?
3
Let k(y) = -1. Let h(a) = a**2 - 2*a + 3. Let u(b) = -h(b) - 4*k(b). Let z be u(3). Let v = 11 + z. What is the highest common factor of 18 and v?
9
Let a = -1 - -6. Let m be -2 + (4/2 - -2). What is the greatest common factor of m and a?
1
Suppose 11*x - 680 = x. What is the greatest common factor of x and 85?
17
Let b be ((-9)/(-6))/((-3)/102). Let d = b - -85. What is the greatest common divisor of 85 and d?
17
Suppose -4*i + 130 = 2*r, -i - r - 55 = -3*i. What is the greatest common divisor of i and 75?
15
Let g = -17 + 23. What is the highest common divisor of 6 and g?
6
Let b be 2*9*2/4. Let q = -175 + 247. Calculate the greatest common divisor of b and q.
9
Let r be 14/2 - (2 + 0). Let l be (-2)/r + 22/5. Suppose -l*a = -12 - 0. What is the greatest common factor of a and 33?
3
Suppose 3 = k + 1. Suppose k*w = c - 1, 3*c - 12 = 2*w - 5. Let b be -2 - (3 + -19) - w. Calculate the highest common divisor of b and 117.
13
Suppose -l + 12*l - 1452 = 0. What is the highest common divisor of 12 and l?
12
Let v(s) = s - 2. Let a be v(6). Suppose 2*x + r - 81 = 0, 5*x + r + a*r = 210. Calculate the highest common divisor of x and 13.
13
Let j be (4/(-10))/((-2)/(-120)*-1). Calculate the greatest common factor of j and 16.
8
Let w = -12 - -21. Let k be 0 - (3 + -1) - -29. What is the highest common factor of k and w?
9
Let h(w) be the first derivative of -w**2/2 + 2*w - 2. Let a be h(-2). Calculate the highest common factor of 2 and a.
2
Let v(q) = 18*q + 1. Let r be v(1). Suppose -3*z + 57 = 6*t - t, t = -z + r. Calculate the highest common divisor of 19 and z.
19
Suppose 21 + 189 = 3*s. Calculate the highest common factor of s and 14.
14
Suppose -4*y - 384 = 4*f, 0*y - 4*f + 198 = -2*y. Let g be 6/3 - y - -1. What is the highest common divisor of 20 and g?
20
Let d(k) = 2*k**2 + 4*k - 1. Let u = 2 - 6. Let z be d(u). Calculate the highest common divisor of z and 30.
15
Let k be 4/18 - (-104)/18. What is the greatest common factor of 18 and k?
6
Suppose -20 - 6 = -z. Suppose 0 = -5*d - 10, w + 3*d + 162 = 5*w. Calculate the greatest common divisor of z and w.
13
Let x = 3 + 2. Let d = 8 - x. Let t = 3 + d. Calculate the greatest common divisor of 12 and t.
6
Let a = 39 - 71. Let r be a/(-6)*3/2. What is the greatest common divisor of r and 56?
8
Let w = 119 - 97. What is the highest common factor of 176 and w?
22
Suppose 3*h - 16 = 4*p, -h + 3*h - 13 = 5*p. Suppose 3*b + 4*d = -82 + 418, -448 = -h*b - d. Calculate the greatest common factor of 14 and b.
14
Suppose -5*l + 31 = -34. Suppose 0 = 2*c + l - 1. Let i be (-14)/c*(7 + -1). Calculate the greatest common divisor of i and 126.
14
Let t be ((-28)/(-3))/(4/30). Suppose 5*r - t = 20. Calculate the greatest common divisor of 72 and r.
18
Suppose 3*c = 2*c + 6. Suppose -c*a + 7*a - 8 = 0. What is the greatest common divisor of a and 16?
8
Suppose 0 = -4*m + f + 16, 4*m - 1 = -3*f + 15. Suppose -4*c + 24 = m*d, -21 = -2*d - d - 4*c. What is the greatest common factor of d and 15?
3
Suppose -5*i = -14 - 66. Let c = -7 - -55. What is the greatest common divisor of i and c?
16
Let c be (6/12)/(3/108). What is the greatest common divisor of 90 and c?
18
Let d be (-10)/6 - (-4)/(-3). Let r be 66 + (-1)/(d/(-9)). What is the greatest common divisor of r and 7?
7
Let y(p) = p**3 - 13*p**2 + 19*p - 23. Let s be y(12). What is the highest common factor of 61 and s?
61
Suppose -2*j = -3*d + 116, 130 = 3*d + 6*j - j. Calculate the highest common factor of d and 280.
40
Let j = 89 - 62. What is the greatest common factor of 9 and j?
9
Suppose -9*r = r - 440. Calculate the highest common factor of r and 4.
4
Suppose 4*i - 50 = -10. Let j be 70/i + 2/2. Suppose 3*b + 5*d - 8 = 0, 0 = 4*b - 3*b - 5*d + 4. Calculate the greatest common factor of j and b.
1
Suppose -3*f - n + 0*n = -23, f - 2*n - 10 = 0. Let c = 22 - 6. What is the greatest common factor of f and c?
8
Suppose -x = 5*l - 2*x - 146, 3*l - 82 = 2*x. Suppose 2*w - 5*j - 36 = 0, 3*j = -5*w - 2 + l. Calculate the greatest common divisor of w and 88.
8
Let m be 1/3 - (-44)/12. Suppose m*z + 3*t - 179 = 0, -t - 48 = -3*z + 83. What is the greatest common divisor of 22 and z?
22
Let b = 12 + 2. Suppose -u = 2 - b. Calculate the highest common factor of 96 and u.
12
Suppose 0 = -2*w - 4*s + 100, 3*w - 2*s = 7*w - 212. What is the